-117*v - 2908. Let h be d(-25). Determine n(h).
-11
Let m be 0 + 6/(-2 + 1). Let u(g) = -7 + 0 + 81*g - 84*g. Let p(w) = -4*w - 8. Let r(a) = m*p(a) + 7*u(a). Calculate r(2).
5
Let q = 2914 - 2910. Let j(b) = -b**2 + 4*b + 5. Determine j(q).
5
Let o be (-7)/21 + (-30)/18 + -3. Suppose -5*n = -0*j + 2*j - 68, 3*n = 2*j + 28. Let v(x) = -6*x + 2*x - 31 + 12 + n. Calculate v(o).
13
Let t be ((-1)/(-2))/((-7)/42). Suppose w - 4*w = -5*x + 14, 4*x - 2*w - 12 = 0. Let r(h) = -126 + 126 + x*h + h**2. Give r(t).
-3
Let j(v) be the second derivative of -v**4/12 + v**3/2 + v**2/2 + 16*v. Let t be -39*(-1)/6*2. Let z = -15 + t. Calculate j(z).
-9
Suppose 2*h = -5*g - 25, 4*g - 612 = -5*h - 649. Let x(o) = -28*o + 21. What is x(g)?
105
Suppose 4*u - p - 10 = 0, -4*u - 2 = 5*p - 0*p. Suppose 0*v - 5*k = 2*v + 2, u = -2*v - 3*k. Let g(z) = z**3 - z**2 + 1. Calculate g(v).
-1
Let s(m) = m + 2 + 2 + 0*m. Let g be -4 + 64/6 + 48/36. Suppose -12*n = 5*x - g*n - 27, 9 = 3*n. Give s(x).
7
Let g(z) = 2*z + 4. Let u be g(0). Suppose 2*m + 2*y = 2, 29 - 65 = -4*m + u*y. Let i(k) = -k + 3. Give i(m).
-2
Let c(t) = -23*t - 87. Let s(f) = -4*f - 16. Let h(u) = 6*c(u) - 34*s(u). Give h(12).
-2
Let d(i) = i**3 + 2*i**2 + 2*i + 1. Let b(j) = -5*j**3 - 3*j**2 + j + 107. Let a(r) = -b(r) - 6*d(r). Give a(-9).
4
Let d(c) be the second derivative of c**5/20 + 17*c**4/12 - 6*c**3 + 19*c**2 + 3361*c - 1. What is d(-19)?
0
Let w(c) = 121*c - 447. Let s(r) = 67*r - 445. Let k(b) = -3*s(b) + 2*w(b). Calculate k(-11).
-10
Let t(y) = -y**3 - 6*y**2 + y + 2. Let u = 753 + -749. Suppose -a = -4*a. Suppose -u*n + j - 25 = a, -n + 2*j - 5 = 3*j. Give t(n).
-4
Let v(r) = r - 2. Let u be -1 - -5 - (-11 - 1). Let h(m) = -19*m + 2*m**3 - 3*m**2 + u*m + 2*m**3. Let k be h(-1). What is v(k)?
-6
Let o be 9/54 + 22/12. Let x(t) = 63*t**o - t**3 - 14*t**2 - 4 - 46*t**2. Determine x(3).
-4
Let z(n) = 3*n**2 + 15*n + 3. Suppose -12*w - 16*t = -17*t + 47, -5 = 5*t. What is z(w)?
-9
Suppose 0 = h - 5*u + 8, 3*h - 5*u = -1 - 3. Let c(f) = -f**3 - f + 4. Determine c(h).
-6
Let h be (14 - -1) + (168 - 168). Let i(a) = -a**3 + 15*a**2 + a + 2. Determine i(h).
17
Let b(l) = 16849 + 16*l - 33558 + 16913. Give b(-11).
28
Let w(k) = -k**3 + 5*k**2 - 3*k + 6. Let v = -393 + 417. Let m be (-36)/v*8/(-3). Give w(m).
10
Let m(l) = -l - 2. Let v(t) = t**2 + 8*t + 5. Let q be v(-2). Let u be q + 1 + (-1)/1*1. Determine m(u).
5
Let b(n) = n**3 - 10*n**2 + 8*n + 7. Suppose 7*w + 4*w - 55 = 0. Suppose w*f = 12*f - 63. Give b(f).
-2
Let p(w) = -6*w - 6. Let h(r) = 14*r + 22. Let j(c) = -5*h(c) - 10*p(c). Give j(-8).
30
Let a(c) = 38964 - 31*c - 3*c**2 + 9*c - 32*c - 38985. Calculate a(-18).
-21
Let b = -647 - -648. Let g(l) = -15*l**2 - 9*l + 10. Give g(b).
-14
Let m(q) = q**2 + q - 9. Let j be 103 + -97 - (12 + -2). Calculate m(j).
3
Let g = -572460 - -572456. Let c(f) = f**2 + f + 1. Let t(k) = 3*k**2 + 8*k + 7. Let o(q) = -2*c(q) + t(q). Calculate o(g).
-3
Let n(z) = 7*z + z**2 + 1928 - 964 - 966. Let y = 10 + -8. Let f be 21/(-6)*4/y. Determine n(f).
-2
Suppose -2*a + 5*z = 7, -93*z - 52 = 2*a - 89*z. Let p(l) = l**3 + 17*l**2 + 17*l + 26. Give p(a).
10
Let a(c) = -2*c - 3. Let i be (-9)/((12/14)/((-4)/7)). Suppose -5*x - i = 14. Calculate a(x).
5
Let t(i) = i**3 - i + 3. Let b = 2575 - 2571. What is t(b)?
63
Let w = -19842 - -19836. Let x(f) = f**3 + 6*f**2 + 8*f + 33. Calculate x(w).
-15
Let w(z) = 95*z**3 - 2*z**2 - 2*z - 1. Let x be 1/(-2)*((-20 - -38) + -16). Determine w(x).
-96
Let h be (20/(-6))/(2/3). Let u(d) = 477 - d - d**2 + 455 + 477 - 1414. What is u(h)?
-25
Let i(k) = 152 + 128 - 312 + 2*k. Let d(p) = 3*p - 45. Let t(g) = -5*d(g) + 7*i(g). Suppose -2*v + 8 - 23 = c, 0 = -5*v - 20. Calculate t(c).
8
Let g(d) be the third derivative of d**4/8 - 50*d**3/3 + 3002*d**2. Calculate g(0).
-100
Let d(i) = i**3 - 2*i**2 - 5*i + 3. Suppose -2*u + 14*o + 5 = 15*o, 3*u = 4*o + 2. Suppose 5 = c + u. What is d(c)?
-3
Let b(v) = 29*v**3 + 1. Suppose -2*t + 18 = 97*y - 92*y, -2*y = -4*t - 12. Calculate b(t).
-28
Suppose 0 = 3*i - 12, 10 = 2*t + t - 5*i. Suppose 0 = 154*c - 2230 - 80. Let h = c - t. Let u(w) = w + 7. Calculate u(h).
12
Let m(s) = -s**3 - 2*s**2 + 18*s + 13. Suppose -31*g = -30*g + 5. Give m(g).
-2
Let w be 54/(-10) - (-2)/5. Let d(q) = 24 + 18 - 48 + 93*q**2 - 291*q**2 - 2*q + 102*q**2 + 95*q**2. What is d(w)?
-21
Let f = -733 + 305. Let m be f/(-14) - (-24)/56. Let q = m - 32. Let x(p) = -9*p**2 + 2*p + 1. Calculate x(q).
-10
Let s(m) = -4*m**2 - 47*m - 10. Suppose -4*y = 9*k + 80, 0 = -4*k + 60*y - 56*y - 76. Determine s(k).
-22
Let i = 197 - 183. Let v(l) = 5*l - l**2 - 17 + 17*l - 14*l + i. Calculate v(6).
9
Let z be 0/(-7) - 5 - -7. Let a(f) = 541 - 537 + 3*f - 2*f - z*f. Determine a(3).
1
Let f(g) be the third derivative of g**5/30 + 5*g**4/6 + 25*g**3/3 - 7830*g**2. Determine f(-6).
2
Let i(v) = -2*v**2 - 23*v - 50. Let b = -3082 + 3073. Give i(b).
-5
Let k(h) = -901*h - 2*h**2 - 890*h + 1798*h + 17. What is k(5)?
2
Let f(a) = -70*a - 73*a - 71*a - 72*a - 3 + 289*a. Let g(r) be the first derivative of r**3/3 + r**2/2 + 5*r + 3. Let v be g(0). What is f(v)?
12
Suppose 33*y - 154 = 233*y - 754. Let m(d) be the second derivative of 1/6*d**y + 0 + 1/2*d**2 + 7/20*d**5 - 16*d + 1/12*d**4. What is m(-1)?
-6
Suppose 2*y + 27 = -3*s + 6*y, -5*y + 26 = 4*s. Let j(b) be the first derivative of -2*b**3/3 + b**2 + b - 2. What is j(s)?
-3
Let a(i) = -i**2 + 7*i - 10. Let q be a(4). Let z(w) = w**3 + w + 4*w**2 - w**2 + w**2 - q - 8*w**2. Calculate z(4).
2
Suppose 5*q - 28 = 4*f + q, -5*f + 5 = 5*q. Let t(r) = -2*r - 4. Determine t(f).
2
Let b(m) = -2*m - 3. Let d(h) = 8. Let s(a) = b(a) + 2*d(a). Determine s(12).
-11
Let v = 5 - 7. Let i(p) be the third derivative of 1/20*p**5 + 0*p**3 + 20*p + 2*p**2 + 1/120*p**6 + 0 + 1/24*p**4. What is i(v)?
2
Let n = -524/19 + 6307/228. Let f(u) be the second derivative of 21*u - n*u**4 - 1/3*u**3 + 0 + 2*u**2. Give f(4).
-20
Suppose -i - 14 = 2*b, 0 = -2*i + 4*b - 889 + 901. Let j(y) = y**2 - 9*y + 6. Let w(x) = 8*x - 5. Let g(l) = 3*j(l) + 4*w(l). Calculate g(i).
26
Let f(s) = 17*s**3 + 7*s**2 - 13*s + 23. Let r(n) = -12*n**3 - 5*n**2 + 9*n - 16. Let c(x) = -5*f(x) - 7*r(x). Calculate c(-3).
18
Suppose 4*l = -4*a + 602 - 594, 4*a = -l - 7. Let z(u) = -u**2 - u + 7. Give z(a).
1
Let p(z) = 6*z**2 - z + 1. Let g be p(1). Let f be 4/(-5) - (-154)/55. Let v(r) = r**3 + 7 - 5*r - 3*r**2 + 10*r**2 - 11 - f*r**3. What is v(g)?
2
Let b = 3022 - 3029. Let k(r) = -r**2 - 10*r - 20. Calculate k(b).
1
Let z(x) = x**2 - 2*x + 7. Let c(t) = -t**2 + 2*t - 6. Let q(a) = -7*c(a) - 6*z(a). Let w be (-4)/6*2295/(-30). Let d be w/(-34)*5/((-30)/8). Determine q(d).
0
Let u be (52/8)/(195/60). Let o(x) be the second derivative of x**u + 2/3*x**3 + 1/6*x**4 - 1/20*x**5 + 0 - 7*x. Determine o(4).
-14
Let m(z) = z**2 + 31*z + 1. Let n(v) = -211*v - 14. Let r(j) = 7*m(j) + n(j). Determine r(-5).
138
Let w(n) = n**2 + 9*n + 12. Suppose -4*u = 5*v + 33, -22*v + 21*v = 1. What is w(u)?
-2
Let y(s) = -407*s**2 - 370*s**2 - s**3 + 20*s + 786*s**2 + 0*s**3 + 23. Determine y(11).
1
Let l = 7 + -13. Let p(i) = -i**2 - 8*i - 7. Let o be p(l). Let j(g) = -4*g + 38*g**2 + 33*g**2 + 7 - 102*g**2 + 32*g**2 - 10 + 1. Determine j(o).
3
Let u(s) = 97*s**2 - 9*s + 12. Let t(j) = -73*j**2 + 8*j - 10. Let w(r) = -4*t(r) - 3*u(r). Give w(3).
-2
Let i(b) = -2*b**2 - 6*b + 3. Let u = -220 + 189. Let x = u - -26. Give i(x).
-17
Let n(z) = 19*z - 185. Let l = -9888 - -9898. Calculate n(l).
5
Let r(a) = -7*a + 14 - 21 + 5*a + 10 - a. Suppose 0 = 2*z - 4*n + 4, 5*n = 2*z - 5*z + 5. Let s = z - -2. Calculate r(s).
-3
Let w be 5 - 33 - -14 - -3. Let m(x) = x**2 + 13*x - 37. Calculate m(w).
-59
Let u = -1875 - -1889. Let k(z) = -z**3 + 14*z**2 + 3*z - 33. What is k(u)?
9
Let c(d) = 3*d - 25. Let k be c(10). Suppose k*j = -3*y + 9, -j + 5*j - 6 = -3*y. Let s(u) = -4 + 3 - 1 + j + 3*u. What is s(1)?
4
Suppose -286*f + 287*f = 1. Let a(l) = 9*l**3 + 7*l**2 - 2*l + 7. Let u(j) = -4*j**3 - 3*j**2 + j - 3. Let s(d) = 3*a(d) + 7*u(d). Determine s(f).
0
Let j(h) be the first derivative of h**4/4 - 9*h**3 + 49*h**2/2 - 4*h - 2776. Calculate j(25).
-29
Let k(j) = -j**3 + 9*j**2 + 4. Let f = -1380 + 1390. Determine k(f).
-96
